uppose 2*v - 2*q = -4*q + 30, 2*q = -v + 20. Let u = -7 + v. What is d(u)?
6
Let y be 4/22 - 320/(-55). Suppose y*s = -0*s + 30. Suppose -s*h + 2*r - 6 = 0, 3*h + 3 = h + r. Let u(p) = -p - 8. Determine u(h).
-8
Suppose -60 = q - 4*q. Let d = q - 23. Let h(s) = -s**2 - 4*s + 2. What is h(d)?
5
Let y(a) = -74*a**3 + 115*a**3 - 8*a + 7*a. What is y(-1)?
-40
Let t(y) = -4*y**2 - y + 2. Let a(x) = x**3 + x**2 + x - 1. Let g(p) = a(p) + t(p). Give g(2).
-3
Let u(d) = 3*d**3 + 0 - 6 - 4*d**3. Let m be ((6 + 175/(-30))*0)/(-1). What is u(m)?
-6
Let z(l) = -3*l**2 + 42*l + 44. Let s be z(15). Let w(g) = -g**3 - g**3 - g**3. Give w(s).
3
Let t = 10 - -2. Suppose 4*z + t = -v - v, 20 = -5*z. Let q(l) = -31*l**2 + 33*l**v - l - 3 + 4. What is q(1)?
2
Let q(r) be the second derivative of r**5/20 + 11*r**4/12 - r**3/6 - 13*r**2/2 + 66*r. Determine q(-11).
-2
Let p(r) = -3*r - 2. Let w = 294 - 301. Calculate p(w).
19
Let i be (11 - 14)/(-4 - 15/(-6)). Let a(z) = -z**2 + 2*z + 1. What is a(i)?
1
Let h(z) = -8*z + 5 - 5*z**2 + 8 + 6*z**2 - 9 + 4. What is h(6)?
-4
Let h be (-17)/(-3) + 8/(-12). Suppose 0 = -2*w - h*f - 7 + 26, 3*f = -3*w + 15. Let i(p) = 1 + 2*p + 1 + w*p - p. Give i(-2).
-4
Let b(w) = 5*w**2 - 2*w - 2. Let s(o) = 7*o + 2. Let q(x) = -13*x - 3. Let f(z) = 6*q(z) + 11*s(z). Let c be f(2). Calculate b(c).
14
Let y(f) = f**2 + f. Let b(k) = 2*k**2 - 13. Let j(g) = -b(g) + y(g). What is j(0)?
13
Let d(k) = -k + 4. Let g(q) = 2*q**2 - 5*q + 6. Let c be g(2). Give d(c).
0
Suppose -6*t = 17 - 59. Let v(j) = -10*j + 9 + 0*j**3 - 5*j - j**3 + t*j + 7*j**2. Calculate v(6).
-3
Let n(m) = m**3 - 5*m**2 + m - 5. Let o be n(5). Let l = -67 + 68. Let y(j) = l + 0*j + 5*j + o - 2*j. What is y(-5)?
-14
Let a = -2828 - -2831. Let h(f) = -f + 4. Calculate h(a).
1
Suppose n + 4*l + 18 = 0, 0*l - 2*l - 4 = 3*n. Suppose n*q = -q. Let h(y) = -y**2 - y - 7. What is h(q)?
-7
Let b be 0/(1/(2/6*1)). Let v(l) = b - 3 + 4 - 2*l. What is v(-4)?
9
Let f(s) = 70*s**3 - 28*s**3 - 29*s**3 - 2*s + 3*s - 2*s**2. Determine f(1).
12
Let b(z) = z**2 - 14*z + 7. Let r(h) = -h**3 + 21*h**2 - 76*h - 12. Let k be r(5). Determine b(k).
-41
Let i = -4 + 9. Suppose i*y = -14 - 6. Let l(n) be the first derivative of -3*n**2/2 + 2*n + 3793. Give l(y).
14
Suppose 30 = v + 4*v. Let c be (2/v)/((-1)/(-24)). Suppose -4*a - c = -2*l, -2*l = 2*a + 3*a + 10. Let s(d) = -d + 2. Give s(a).
4
Let s(x) be the third derivative of 0 + 1/120*x**6 + 0*x - 1/8*x**4 - 5/6*x**3 + 12*x**2 - 1/20*x**5. Give s(4).
-1
Let a(z) be the second derivative of -z**4/12 - z**3/6 + 7*z**2/2 + z. Suppose 0 = -3*m + 12. Suppose 0 = -m*k + 11*k. Give a(k).
7
Let q(h) = -2*h**2. Let o(u) = -u**3 - 3*u**2 + 8*u - 1. Let j be o(-5). Let f = 7 - j. Give q(f).
-8
Suppose -477 + 486 = 3*h. Let c(n) = -10*n - 5. Give c(h).
-35
Let s(u) be the first derivative of u**2 - 30*u + 267. Determine s(8).
-14
Let g(h) = h**3 + 10*h**2 - 4 + 7*h - 5 - h**2. Let b(i) = 2*i**2 - 45*i + 190. Let y be b(6). Determine g(y).
-1
Suppose w = -2*w. Suppose 2*t + 6 = -4*j, w*j + 2*t + 15 = 5*j. Let f(p) = -3 - p + 6*p**2 - 1 + 5. Calculate f(j).
6
Let d(i) = i**2 + 5*i + 14. Let z(f) be the first derivative of f**3/3 + 2*f**2 + 15*f + 5. Let q = -54 + 51. Let l(m) = q*d(m) + 4*z(m). Calculate l(0).
18
Let n(o) = 3143*o**2 + 2*o**3 + 3154*o**2 + 2*o - 3*o**3 - 6299*o**2 - 5 + 0*o. Determine n(-4).
19
Let y(m) be the third derivative of -m**5/60 + 31*m**4/24 - 17*m**3/3 - 213*m**2. Give y(30).
-4
Let a(r) = -6*r**2 - r. Let z = 74 - 111. Let b = z + 36. Give a(b).
-5
Let q(x) = x + 7. Suppose -i + 3*i = 30. Suppose -i*v = -16*v. Suppose y + 2*y = v. Determine q(y).
7
Suppose 4*b - 12 = -o, 19*b = 4*o + 22*b - 22. Let i(v) = v**3 - 4*v**2 + v - 3. Determine i(o).
1
Let q(l) = 17*l - 1. Let z = 509 + -510. What is q(z)?
-18
Suppose 42 = 4*v + 2*z, 3*v - 3*z + 0*z - 18 = 0. Let b(q) = 2*q - v*q + 11*q - 1 - 1. Give b(2).
6
Let i(g) = g**3 + 8*g**2 - 7*g + 18. Suppose 5*p = 5*h - 45, 0 = 4*p - 2*h - 12 + 48. Give i(p).
0
Let n(w) be the second derivative of -w**4/12 + w**3 - 6*w**2 - 2*w - 4. Give n(6).
-12
Suppose -6*l + 4*c - 2 = 0, 2*c + 1 + 1 = 2*l. Let n(h) = -h**3 - 3*h**2 - 3. Give n(l).
-3
Let d(o) = o**3 + 10*o**2 + 26*o + 8. Let z be d(-6). Let y(u) = u**3 + 4*u**2 + 5*u - 4. What is y(z)?
-24
Let y(z) = -2*z + 12. Let d(k) = -k**2 + 9*k + 14. Let m be d(10). Give y(m).
4
Let c(h) = 1 - 2*h + 4*h**3 - 2*h**3 - 4*h**3 + h**2. Give c(1).
-2
Let r(m) = -m**3 + 5*m**2 + 5*m + 6. Let o be r(6). Let h(k) be the second derivative of 0 + 3*k**2 - 1/12*k**4 + 0*k**3 - 1/20*k**5 + 17*k. Calculate h(o).
6
Let b(v) = v + 26. Let l be b(-10). Let r(g) = -4*g - 11*g + l*g - g**3 + 5*g**2 + 6. Calculate r(5).
11
Suppose -x - 2*x = 2*y + 16, -37 = 3*y - 2*x. Let s = y + 7. Let i = s + 1. Let c(w) = -w - 2. Determine c(i).
1
Let k(n) = -n**3 + 4*n**2 + 3*n. Let a = 13 + -9. Let s = 0 + a. Suppose -3*z + 2*z + s = 0. Calculate k(z).
12
Let j = -2 + -3. Let r(o) = -2*o**2 - 8*o + 11. Let x be r(j). Let m(a) = -3*a**2 - a + 1. Determine m(x).
-3
Let l(t) = -7*t - 29. Let c(f) = -5*f - 26. Let z(b) = 6*c(b) - 5*l(b). Calculate z(13).
54
Let f(s) be the first derivative of 1/3*s**3 + 1 + 10*s + 9/2*s**2. Determine f(-8).
2
Let c(s) = -s - 5. Let h(z) = 3*z**2 + z**2 - 19 - z**3 + 12. Let m be h(5). Let n be (m/28 - -2)*-7. Give c(n).
1
Let b(o) = o**3 - 4*o**2 - 5*o - 10. Let c be 42/105 - (-161)/35. What is b(c)?
-10
Let f be 2/6 + (-1)/3. Let d(i) be the first derivative of 1/3*i**3 - 1/2*i**2 + 1 - 4*i. What is d(f)?
-4
Let k(l) be the second derivative of 3*l**3/2 - 5*l**2/2 + 39*l + 2. Determine k(4).
31
Let u(a) = -4*a + 2. Suppose 4*r - 2*q + 54 = -0*r, r + q = -6. Let p = -8 - r. Calculate u(p).
-10
Suppose 7*v + 5 - 180 = 0. Let z(q) = 15*q - 4*q**2 - v*q + 11*q. Give z(-1).
-5
Let r(t) be the second derivative of -t**5/4 - t**4/6 + t**3/6 - 30*t. Let o = 11 - 11. Let d be (o - -2)/(2/1). Give r(d).
-6
Let x be -9*(60/18 + -3)*-2. Let w(b) = -2*b + 9. Give w(x).
-3
Let a(p) be the first derivative of -p**4/12 - 5*p**3/6 + 5*p**2/2 + 7*p - 20. Let c(h) be the first derivative of a(h). What is c(-6)?
-1
Let s(u) = -u**2 + 5*u + 2. Let p(z) = z**2 + z - 24. Let a be p(7). Let v = 29 - a. What is s(v)?
-22
Let t(d) be the third derivative of -d**6/120 - 7*d**5/60 - d**4/8 - 4*d**3 + 2*d**2 + 32*d. Let b be t(-7). Let h(u) = -u**3 - u**2 + 5*u - 3. Determine h(b).
0
Let k(n) = 4*n**2 - 4*n + 3. Let g(y) = y**2 + 2. Let q(b) = -2*g(b) + k(b). What is q(3)?
5
Let p(s) be the first derivative of -s**4/4 - 2*s**3/3 - s**2/2 + 2*s + 18. What is p(2)?
-16
Let i(o) = -o**2 - o - 6. Suppose 0 = a + a - 10. Suppose 0 = -4*u + 8, -a*f + 8 = -10*f + 4*u. Determine i(f).
-6
Let n(t) = 2 + 7 + t**2 + 8*t - 3. Suppose 3*j - 237 = -252. Determine n(j).
-9
Let g(h) = 2*h + 5. Let c(y) = 4*y + 13. Let r(w) = -6*c(w) + 15*g(w). Calculate r(3).
15
Let j(s) = -9*s**3 - s**2 + 6*s + 13. Let w(n) = -11*n**3 - n**2 + 5*n + 15. Let r(q) = -5*j(q) + 4*w(q). Determine r(-4).
-13
Let p(v) = -v**2. Let u(j) = -j**3 + 6*j + 2. Let a(b) = 4*p(b) - u(b). Let z(q) = q**3 - 9*q**2 + 2*q - 13. Let m be z(9). What is a(m)?
-7
Let m(v) = v**3 + 8*v**2 + 6*v - 10. Let b(x) = -x**3 - 6*x**2 + 10*x + 14. Let k(a) = -8*a**3 + a**2 + a - 1. Let i be k(1). Let n be b(i). Give m(n).
-3
Let d(z) be the second derivative of z**5/20 + z**4/3 + z**3/6 - z. Suppose 6 = -21*q + 23*q. Suppose 0*s + 9 = -q*s. Calculate d(s).
6
Let a(g) = -g**3 - 4*g**2 + 4*g + 5. Let t(d) = -1. Let i(z) = a(z) + 3*t(z). Let h = 174 + -179. Calculate i(h).
7
Let s(q) = q**3 + 5*q**2 - 6*q - 15. Let r be s(-5). Let f(l) = -l**2 + 12*l + 37. Calculate f(r).
-8
Let k(d) be the first derivative of -3*d**2/2 - 5*d - 35. Let v = -16 + 12. Determine k(v).
7
Let o(y) = -y**2. Let d be 0 + 2 - 3 - -3. Suppose 0 = d*w + h - 6, w - h = 3*h - 6. Determine o(w).
-4
Suppose -6*w + 2*w = -3*z + 2, -4*w = z - 6. Suppose 5*o = -z*t + 27, 3*o - 10 = 4*t + t. Let m = t + -2. Let p(c) = 16*c**2 + c. Give p(m).
15
Suppose -10*b + 25*b - 15 = 0. Let x(j) = 4*j**3 - 2*j**2 + 1. Calculate x(b).
3
Suppose -2*v - 161 + 145 = -o, -2*o + 3*v + 28 = 0. Let p(m) = 3*m - 14. Calculate p(o).
10
Let o = -624 + 633. Let f(t) = -t**2 + 6*t. Give f(o).
-27
Let